13 - (-5 - -2))?
17
Calculate (33 - 0) + 4341 + -4395.
-21
Evaluate (1146 - 991) + 21 + -133.
43
Evaluate (3172 - 3373) + 50 + 2.
-149
Calculate 9 + -84 + (56 - (-29 - -57)).
-47
What is -15 + -48 + (9 - (13 + -4) - -5) + -14?
-72
What is the value of (14 - -7) + (-2 + -17 + 0 + 10 - 4)?
8
Calculate 2 - 14 - (-69 - (3 + 20 + -26)).
54
Evaluate 5 - -3 - -9 - ((-10 - (7 + -9)) + -1).
26
Evaluate 1 - (16 - (9 + -36)).
-42
(-2 + -4 - (14 - (-2 + 10))) + 23
11
What is -255 - -72 - -69 - -207?
93
What is the value of 8 + -48 + 12 + 72?
44
What is 59 - -1 - (-1035 + 1089)?
6
What is 15 - (4 + 1 - (704 - 707))?
7
Evaluate -72 - 2 - (-104 + 56).
-26
103 + 0 + 8 + (-3 - 0 - 9 - 7)
92
What is -81 - (-26 + (42 - 53))?
-44
What is -61 - 1 - (77 + 5 + -94)?
-50
Evaluate 2484 + -2470 - (-19 - 1).
34
Calculate (19 + -22 - -43) + -18 - 18.
4
What is (-148 - -287 - 127) + 14?
26
What is (-221 + 165 - 2) + -2 + 0?
-60
Evaluate -4 - (-12 + 7 + -2 + -5 + -84).
92
(-65 - -34) + 38 + 68
75
Calculate 646 - 631 - (-21 - -57).
-21
What is the value of 138 + (-248 - -265 - (57 + -5))?
103
-33 - -24 - (-351 + 363)
-21
-143 - 2 - (-230 + 373 + -164)
-124
What is the value of -75 + (13 - ((-25 - -9) + 28 + -15))?
-59
What is the value of (-14 - ((1 - (-3 + -15)) + -32)) + 53 + 0?
52
Evaluate -55 + (68 - -20) + (1 - 3) + 8.
39
3 - 1 - ((-61 - -5) + (3 - (56 + -35)))
76
Calculate (-2 - -52) + (-88 + 30 - -45).
37
What is the value of 8 + 3 + 6 - 52?
-35
What is the value of -108 + (7 - -2) + (-68 - (-113 + 71))?
-125
43 + (53 - 56 - (-26 - -107))
-41
Evaluate 69 + -78 - (4 + (6 - -4)).
-23
What is (-19 - 32) + 24 + (58 - 0)?
31
What is 44 + -43 + 91 + -96?
-4
What is -10 - 11 - (-21 - (-32 - 1))?
-33
Evaluate (5 + -16 + -12 - -22) + -50.
-51
-6 + -10 + -5 + (1168 - 1128)
19
Calculate 32 + (48 - (137 - 55)).
-2
-96 + 95 + (0 - (-21 + 21)) + 1 + 1
1
What is the value of (-35 - -90 - 7 - 29) + (2 - 81)?
-60
What is -38 - ((2 - -1) + (131 - 145) - -5)?
-32
What is 11 + (-15 - (13 + (-1 - 25))) - (-1 - -47)?
-37
What is the value of 94 + (-42 + 90 - 81)?
61
What is the value of 1 - (-69 + 7 + 0) - 21?
42
Evaluate (101 + 11 + 0 - -25) + (0 - -6) + -2.
141
Calculate 238 + -207 + 0 + 22.
53
What is -32 + 6 + (-16 - -30) - (12 + -8 + 79)?
-95
Calculate -33 + (-17 - (-29 + 12)) - (13 + -2).
-44
Evaluate (-3 - (-1 + 3) - (634 - 643)) + 12.
16
64 + (-28 - (2 + (-9 + -10 - -3)))
50
What is -9 + -44 + (-87 - -103) - -149?
112
Calculate -16 + -52 + 85 - (9 + 0).
8
Calculate 2 + 5 + 3 - (27 + (2 - -6 - 21)).
-4
13 - 4 - (-1 - (-12 - -2)) - -7
7
20 - (84 + -12 - 141) - (10 - -1 - 1)
79
Evaluate -2 - 2 - (-22 - (-9 + 4)) - (-362 - -310).
65
Evaluate 63 + 3 + 4 + -40 + 14.
44
Evaluate 5 - (17 - (7 - (16 - 30) - 16)).
-7
(5 + 0 + 2 - (84 + -69)) + (0 - -61)
53
-77 - (-155 + 74) - (0 - 14)
18
What is 0 + -115 + (-2166 - -2269)?
-12
Evaluate (-94 - 92 - -105) + -10.
-91
(11 - 26) + -8 + 0 + -4 + 17
-10
Calculate (-29 - -5) + -20 + 23.
-21
What is the value of 118 - (251 - (205 + -117))?
-45
Evaluate 8 + (-25 - (-2 + 3)) - (14 + -5 - 16).
-11
Evaluate -40 + 1 - (504 - 505).
-38
What is the value of 11 - ((-21 - 10) + -1 + 16 - -5)?
22
What is the value of 17 - (15 - -6 - -27)?
-31
What is -526 + 488 + 14 + -1?
-25
What is (25 - 116) + -29 + 21 + 52?
-47
Calculate 11557 + -11496 + 1 + -116.
-54
-28 + (-2 - -37 - 50)
-43
Evaluate 53 + (29 - (87 + -85)).
80
-12 - (-16 - (21 + 17))
42
What is the value of (15 - (7 + -82 + 35)) + -8 + 0?
47
What is 126 + -2 - (0 + 21 - (4 - (-2 + -16)))?
125
What is the value of -6 + 8 + 0 + (39 - 31) + -14 + 8?
4
98 + -11 + -56 + 18
49
Calculate (-76 + 47 - 6) + 11.
-24
What is (0 - -10) + 10518 + -10443?
85
5 + 31 + -17 + 16 + -25 + 17
27
Calculate (26 - 88) + 103 - (2 + -7 + 1).
45
0 + -18 - (54 + -39) - -49
16
3 - (-19 + 11) - (60 - (-13 + 1 + 6))
-55
What is the value of (-36 - 49 - -11) + 58?
-16
What is the value of -65 + (-4 - (-52 - 12))?
-5
What is the value of 56 + -6 - (-961 + 1071)?
-60
Evaluate -4 - (-38 + 51 + -4).
-13
What is the value of 5 - (68 + -47 - (-9 + (3 - 11 - -17)))?
-16
135 - (55 - (-33 - -54)) - 39
62
What is the value of -75 + (11 - (1 - 24))?
-41
What is (-2530 - -2491) + (4 - -32)?
-3
What is 11 + -10 + -44 - (-11 - (5 + -16))?
-43
Evaluate -11 + 7 - (12 + -2 + 10 + -15 + 6).
-15
718 - 747 - (3 + -113)
81
Evaluate 18 + (1 - 4) + -40 + -44 + 102 + -35.
-2
Calculate 7 + (-5 + 11 - (-5 - -1) - (202 - 114)).
-71
Calculate -6 - (17 - (-15 + 5 + -2 - -8)).
-27
Calculate 0 + (8 - (93 - 47)).
-38
4 + 59 + -1886 + 1786
-37
(179 - -102) + -280 + (-1 - 56) + 3 + -2
-55
(-13 - -3 - 5) + (-4 - 44) + 9
-54
-35 + 5 + (2 + 4 - 13) - -9
-28
What is (23 - (5 + 11 - (-16 + 21))) + 2?
14
Evaluate (-8 - -19) + -21 + 3 - (-1 + 4).
-10
What is the value of -16 + 2 - (-232 - -197)?
21
-16 + (-3 - -10 - -20) - (10 + -2 + 2)
1
Calculate 10 + 31 + -37 + -7 - -12.
9
What is the value of 98 + (-96 - 103) - (20 + -1) - -4?
-116
Calculate -367 + 232 + 127 - (0 - 1 - 0).
-7
What is -10 + (-8 - (-7 + 2)) + 183 + -157?
13
What is the value of (-33 - -28) + -93 + (10 - 8) + 5 + 2?
-89
Evaluate -7 + (59 + (4 - 6) + -13 - 7).
30
(12 - 19 - (194 - 209)) + 0 + -134
-126
Evaluate -12 - (-44 - 5 - -4 - 12) - 9.
36
69 + -21 + -75 + 8 + (2 - 3)
-20
What is 1 + 4 - (3 + -70 - (-3 - 9 - -10))?
70
Calculate (-2 - -129 - (65 + -52 + 7)) + 11.
118
Calculate (-3 - (7 + 3)) + -1 + (-44 - (48 - 129)).
23
What is -17 + ((13 - 1) + (-44 - -41) - 0) + 45?
37
What is -15 + 24 + (21 + 3 - 22)?
11
Evaluate 934 + -835 + -1 + -50.
48
Calculate -106 + 23 + 81 - (9 + -3).
-8
(1 - -31) + (104 - 253 - -54)
-63
What is (-3 + 19 - (-265 - -263)) + 20?
38
What is the value of 8 + -49 + (-13 - (-16 + -15))?
-23
What is the value of (1 - -43) + (-764 - -705)?
-15
(-2 - 43) + (18 - (7 + -1 + 23)) + 6
-50
Evaluate (7 - (-2 - -6) - -22 - -3) + (-54 - -43).
17
-162 + (21 - (-53 - -7))
-95
Evaluate -8 + -6 + -24 + (-29 - (14 + -25) - -5).
-51
What is 8 + 7 + -2 - -22 - 104?
-69
Calculate (4 - 82) + 1 + (15 - (25 + 7 + -17)).
-77
What is -48 + 67 - (-7 - (-17 - -13))?
22
Evaluate 26 + 0 + -5 + (116 - 3) - -1.
135
Evaluate (-83 - -57) + (5 - -1 - -2).
-18
What is -66 - (-59 + -5) - (-2 + -25)?
25
What is the value of (4 + -37 - -21) + -25 + 71?
34
14 + 2 - (-27 + 39 + -36)
40
What is the value of (5 - (-1 - -2)) + (8 - 6) - (569 + -524)?
-39
What is the value of 30 + -8 + 15 - -4?
41
What is the value of (-5 + (6 - -3) - 11 - 110) + -37 + 28?
-126
What is the value of (2119 - 2079) + (0 - 36) - -31?
35
2943 + -2940 - (-53 + 1)
55
(-2 - (12 - 5)) + -70 + (78 - 47)
-48
Calculate (16 - (43 - 40)) + -72.
-59
What is -20 - (-33 - (-11 + 23 + -11))?
14
What is (-8 - (-1 - -2)) + 7 + (-19 - -7) + 9?
-5
-84 + 164 - (-4 - 0 - -3 - -9) - -10
82
Evaluate (-8 - 0 - -4 - 1) + (147 - 99).
43
Evaluate 5 + 45 - 195 - -43.
-102
Calculate (5 - -34) + (-150 - -138) + -15.
12
(46 + -5 - 35 - (0 + -2)) + (-28 - -17)
-3
Calculate -4 - ((-4 - -2) + 13 + 33 + 15 + 21).
-84
Calculate 0 - -11 - (117 + -46).
-60
5 + 4 + -8 + (-25 + -18 - -128)
86
Calculate -36 - (-2 + -2 + 1) - (1365 - 1369).
-29
What is the value of (3 - (8 + -27)) + 5 + (10 - 1)?
36
Evaluate -2 + (21 - 0) - (18 + -5 + -32 + 15).
23
-17 + -8 + 9 + 19 + -21
-18
Evaluate (28 - 5) + (-19 + -12 + -23 - 32).
-63
Evaluate -40 + (-19 - (-93 + 26)) - 90.
-82
What is 15 + -8 + 5 + (42 + 23 - 64)?
13
-38 + (36 - 4) - 13
-19
What is the value of 87 + (30 - 289) + 72?
-100
What is -7 - (17 - 16 - (-39 - -35))?
-12
65 + -13 + -4 + -43 + 29
34
Calculate 208 - 263 - (-85 - 1).
31
What is the value of 7869 - 7866 - (99 + 1)?
-97
Calculate (-89 - (81 + -106)) + 82.
18
What is 121 + -52 - 77 - 27?
-35
What is 9 + -138 + (17 - -51)?
-61
What is the value of -1 + 28 + -7 - 12 - 43?
-35
Evaluate -945 + 960 + (24 - -5).
44
(-12 - -23) + (6 - (5 - -9 - 6)) + 46
55
What is -92 - (46 + -32 + (12 - 23 - (3 - 5)))?
-97
Evaluate 51 - (-42 + 102) - (2 - ((-36 - 0) + 1)).
-46
Calculate 5 - (-18 + (-7 - -20) - (5 + -2)).
13
Calculate 25 + -38 + 8 - (35 + 5).
-45
What is (-18 - ((0 - -2) + (-20 - -3) + 16)) + -7?
-26
Evaluate 1 + 30 + -12 + -14 + (19 - -79).
103
What is 8 + (70 - 92) - -41?
27
Calculate -46 + (149 - (35 - (5 - -25))).
98
Calculate 7 + 14 - (-16 + 4 - 8).
41
What is 22 + (-6 - -22